{"id":12,"date":"2016-01-30T18:50:05","date_gmt":"2016-01-30T18:50:05","guid":{"rendered":"http:\/\/posgrado-dev.eie.ucr.ac.cr\/?page_id=12"},"modified":"2025-12-07T07:27:37","modified_gmt":"2025-12-07T13:27:37","slug":"contacto","status":"publish","type":"page","link":"https:\/\/posgrado.eie.ucr.ac.cr\/index.php\/contacto\/","title":{"rendered":"Contacto"},"content":{"rendered":"<h1>Asistente del Programa de Posgrado<\/h1>\n<p>Lic. Adriana Carvajal<br \/>Horario: De L-V de 13:00 a las 17:00 hrs<br \/>Tel\u00e9fono: 2511-2620<br \/>Correo: digitalppie.sep@ucr.ac.cr<\/p>\n<h1>Director del Programa de Posgrado<\/h1>\n<p>Dr. rer. nat. Francisco Siles Canales<br \/>Tel\u00e9fono: 2511-2603<br \/>Correo: francisco.siles@ucr.ac.cr<\/p>\n<h1>Subdirector del Programa de Posgrado<\/h1>\n<p>Dr. Federico Ruiz Ugalde<br \/>Tel\u00e9fono: 2511-5141<br \/>Correo: federico.ruizugalde@ucr.ac.cr<\/p>\n<h1>Miembros de la Comisi\u00f3n del Programa de Posgrado<\/h1>\n<p>Dr. rer. nat. Francisco Siles Canales (Director)<br \/>Dr. rer. nat. Federico Ruiz Ugalde (Subdirector)<br \/>Dr. Diego Dumani Jarqu\u00edn (Miembro ex-oficio, Director de la Escuela de Ingenier\u00eda Ele\u0107trica)<br \/>Dr. Jaime Cascante Vindas<\/p>\n<p>Dr. Gustavo G\u00f3mez Ram\u00edrez<\/p>\n\n\n<p><\/p>\n","protected":false},"excerpt":{"rendered":"<p>Asistente del Programa de Posgrado Lic. Adriana CarvajalHorario: De L-V de 13:00 a las 17:00 hrsTel\u00e9fono: 2511-2620Correo: digitalppie.sep@ucr.ac.cr Director del Programa de Posgrado Dr. rer. nat. Francisco Siles CanalesTel\u00e9fono: 2511-2603Correo: francisco.siles@ucr.ac.cr Subdirector del Programa de Posgrado Dr. Federico Ruiz UgaldeTel\u00e9fono: 2511-5141Correo: federico.ruizugalde@ucr.ac.cr Miembros de la Comisi\u00f3n del Programa de Posgrado Dr. rer. nat. Francisco Siles [&hellip;]<\/p>\n","protected":false},"author":3,"featured_media":0,"parent":0,"menu_order":0,"comment_status":"closed","ping_status":"closed","template":"","meta":{"footnotes":""},"class_list":["post-12","page","type-page","status-publish","czr-hentry"],"_links":{"self":[{"href":"https:\/\/posgrado.eie.ucr.ac.cr\/index.php\/wp-json\/wp\/v2\/pages\/12","targetHints":{"allow":["GET"]}}],"collection":[{"href":"https:\/\/posgrado.eie.ucr.ac.cr\/index.php\/wp-json\/wp\/v2\/pages"}],"about":[{"href":"https:\/\/posgrado.eie.ucr.ac.cr\/index.php\/wp-json\/wp\/v2\/types\/page"}],"author":[{"embeddable":true,"href":"https:\/\/posgrado.eie.ucr.ac.cr\/index.php\/wp-json\/wp\/v2\/users\/3"}],"replies":[{"embeddable":true,"href":"https:\/\/posgrado.eie.ucr.ac.cr\/index.php\/wp-json\/wp\/v2\/comments?post=12"}],"version-history":[{"count":10,"href":"https:\/\/posgrado.eie.ucr.ac.cr\/index.php\/wp-json\/wp\/v2\/pages\/12\/revisions"}],"predecessor-version":[{"id":854,"href":"https:\/\/posgrado.eie.ucr.ac.cr\/index.php\/wp-json\/wp\/v2\/pages\/12\/revisions\/854"}],"wp:attachment":[{"href":"https:\/\/posgrado.eie.ucr.ac.cr\/index.php\/wp-json\/wp\/v2\/media?parent=12"}],"curies":[{"name":"wp","href":"https:\/\/api.w.org\/{rel}","templated":true}]}}